{"id":8086,"date":"2024-07-29T14:27:26","date_gmt":"2024-07-29T12:27:26","guid":{"rendered":"https:\/\/www.costes.hu\/etel\/vegan-degusztacio-menu\/"},"modified":"2025-04-02T13:16:21","modified_gmt":"2025-04-02T11:16:21","slug":"vegan-degusztacio-menu","status":"publish","type":"etel","link":"https:\/\/costes.group\/hu\/etel\/vegan-degusztacio-menu\/","title":{"rendered":"Deguszt\u00e1ci\u00f3s men\u00fc (veg\u00e1n)"},"content":{"rendered":"\n<p>H\u00e9tf\u0151 &#8211; Vas\u00e1rnap<\/p>\n\n\n\n<p>18:00 &#8211; 22:00<\/p>\n\n\n\n<p>Veg\u00e1n deguszt\u00e1ci\u00f3s men\u00fcnk fenntarthat\u00f3 forr\u00e1sb\u00f3l sz\u00e1rmaz\u00f3, n\u00f6v\u00e9nyi alap\u00fa fog\u00e1sokkal garant\u00e1lja vend\u00e9geink sz\u00e1m\u00e1ra a n\u00e1lunk megszokott kulin\u00e1ris \u00e9lm\u00e9nyt, melyet organikus borp\u00e1ros\u00edt\u00e1sunk, vagy az itallapunkon el\u00e9rhet\u0151 alkoholmentes italp\u00e1ros\u00edt\u00e1sok tesznek igaz\u00e1n teljess\u00e9.<\/p>\n\n\n\n<ul class=\"wp-block-list\">\n<li>AMUSE<br>Fekete gy\u00f6k\u00e9r, szarvasgomba, quinoa<\/li>\n\n\n\n<li>\u201eOUR GARDEN\u201d DOWNTOWN SIGNATURE<br>karfiol, petrezselyem, quinoa, mikrosal\u00e1ta<\/li>\n\n\n\n<li>CSICS\u00d3KA LEVES<br>hagyma, hajdina<\/li>\n\n\n\n<li>C\u00c9KLA<br>f\u00fcst\u00f6lt lencse, z\u00f6lds\u00e9gjus<\/li>\n\n\n\n<li>\u00d6RD\u00d6GSZEK\u00c9R GOMBA<br>csal\u00e1n, s\u00e1rgar\u00e9pa, r\u00e9pasz\u00f3sz<\/li>\n\n\n\n<li>S\u00d6RBET<br>szilva, t\u00e1rkony<\/li>\n\n\n\n<li>MANDARIN<br>pek\u00e1ndi\u00f3, mal\u00e1ta<\/li>\n<\/ul>\n\n\n\n<p>39.900 Ft \/ f\u0151<\/p>\n\n\n\n<ul class=\"wp-block-list\">\n<li>BORP\u00c1ROS\u00cdT\u00c1S (6 T\u00c9TEL) +30.000 Ft<\/li>\n\n\n\n<li>KOKT\u00c9LP\u00c1ROS\u00cdT\u00c1S (6 T\u00c9TEL) +27.000 Ft<\/li>\n\n\n\n<li>ALKOHOLMENTES KOKT\u00c9LP\u00c1ROS\u00cdT\u00c1S (6 T\u00c9TEL) +22.000 Ft<\/li>\n<\/ul>\n\n\n\n<p>A fenti \u00e1rak az \u00e1f\u00e1t tartalmazz\u00e1k. \u00c9tel- \u00e9s ital\u00e1rainkra 15 % szerv\u00edzd\u00edjat sz\u00e1molunk fel.<\/p>\n\n\n\n<p>K\u00e9rj\u00fck, a foglal\u00e1s sor\u00e1n vagy a rendel\u00e9s el\u0151tt \u00e9telallergi\u00e1j\u00e1t vagy bizonyos \u00f6sszetev\u0151kkel szembeni intoleranci\u00e1j\u00e1t el\u0151re jelezze. Egy-egy alapanyagot nem minden esetben tudunk mell\u0151zni, azonban mindent megtesz\u00fcnk annak \u00e9rdek\u00e9ben, hogy \u00d6n a lehet\u0151 legteljesebb \u00e9lm\u00e9nyben r\u00e9szes\u00fclj\u00f6n.<\/p>\n","protected":false},"featured_media":8087,"menu_order":2,"template":"","etlap-taxonomy":[124],"class_list":["post-8086","etel","type-etel","status-publish","has-post-thumbnail","hentry","etlap-taxonomy-downtown"],"_links":{"self":[{"href":"https:\/\/costes.group\/hu\/wp-json\/wp\/v2\/etel\/8086","targetHints":{"allow":["GET"]}}],"collection":[{"href":"https:\/\/costes.group\/hu\/wp-json\/wp\/v2\/etel"}],"about":[{"href":"https:\/\/costes.group\/hu\/wp-json\/wp\/v2\/types\/etel"}],"wp:featuredmedia":[{"embeddable":true,"href":"https:\/\/costes.group\/hu\/wp-json\/wp\/v2\/media\/8087"}],"wp:attachment":[{"href":"https:\/\/costes.group\/hu\/wp-json\/wp\/v2\/media?parent=8086"}],"wp:term":[{"taxonomy":"etlap-taxonomy","embeddable":true,"href":"https:\/\/costes.group\/hu\/wp-json\/wp\/v2\/etlap-taxonomy?post=8086"}],"curies":[{"name":"wp","href":"https:\/\/api.w.org\/{rel}","templated":true}]}}

Degusztációs menü (vegán)

<p>Hétfő &#8211; Vasárnap</p>



<p>18:00 &#8211; 22:00</p>



<p>Vegán degusztációs menünk fenntartható forrásból származó, növényi alapú fogásokkal garantálja vendégeink számára a nálunk megszokott kulináris élményt, melyet organikus borpárosításunk, vagy az itallapunkon elérhető alkoholmentes italpárosítások tesznek igazán teljessé.</p>



<ul class="wp-block-list">
<li>AMUSE<br>Fekete gyökér, szarvasgomba, quinoa</li>



<li>„OUR GARDEN” DOWNTOWN SIGNATURE<br>karfiol, petrezselyem, quinoa, mikrosaláta</li>



<li>CSICSÓKA LEVES<br>hagyma, hajdina</li>



<li>CÉKLA<br>füstölt lencse, zöldségjus</li>



<li>ÖRDÖGSZEKÉR GOMBA<br>csalán, sárgarépa, répaszósz</li>



<li>SÖRBET<br>szilva, tárkony</li>



<li>MANDARIN<br>pekándió, maláta</li>
</ul>



<p>39.900 Ft / fő</p>



<ul class="wp-block-list">
<li>BORPÁROSÍTÁS (6 TÉTEL) +30.000 Ft</li>



<li>KOKTÉLPÁROSÍTÁS (6 TÉTEL) +27.000 Ft</li>



<li>ALKOHOLMENTES KOKTÉLPÁROSÍTÁS (6 TÉTEL) +22.000 Ft</li>
</ul>



<p>A fenti árak az áfát tartalmazzák. Étel- és italárainkra 15 % szervízdíjat számolunk fel.</p>



<p>Kérjük, a foglalás során vagy a rendelés előtt ételallergiáját vagy bizonyos összetevőkkel szembeni intoleranciáját előre jelezze. Egy-egy alapanyagot nem minden esetben tudunk mellőzni, azonban mindent megteszünk annak érdekében, hogy Ön a lehető legteljesebb élményben részesüljön.</p>
